3
Suppose -l - 3 = l + 3*h, 0 = 3*l + 5*h + 5. Let g(r) = r - 12. Give g(l).
-12
Let n(o) be the second derivative of o**3/2 - o**2/2 - 10*o. Let a = 28 + -19. Suppose 2*i + i - a = 0. What is n(i)?
8
Let s(i) = -2*i**3 - 6*i**2 - i - 1. Let d(k) = -2*k**3 - 7*k**2 - 2*k - 2. Let m(x) = -4*d(x) + 5*s(x). Give m(-2).
5
Let f(i) = -i**2 + 10*i - 7. Let c be f(9). Let h(g) = 3*g - 5 - 8 - c*g + 4. What is h(6)?
-3
Let r(b) = b**2 - 4*b - 2. Let v(n) = n**2 + 8*n + 12. Let i be v(-7). Give r(i).
3
Suppose 0 = q + j - 2, -2*q + 4 = 2*q + 2*j. Suppose q = 5*x - 10*x - 10. Let c(h) = -6*h - 1. Calculate c(x).
11
Let n(c) = -c**3 + c**2 - c + 1. Let d(k) = -5*k**3 + 9*k**2 - 3*k - 3. Let t(p) = -d(p) + 4*n(p). Determine t(5).
2
Let g be ((-66)/55)/(3/20). Let l(r) = r**3 + 7*r**2 - 7*r - 5. Give l(g).
-13
Let o(j) = 3*j - 1. Let y = 12 - 0. Let s = -13 + y. Give o(s).
-4
Let p = -1 + 3. Let n(m) = 2*m**2 + 5 - 4*m + m**p + m**2 - 5*m**2. Determine n(-4).
5
Let h(n) be the second derivative of n**4/12 - n**3/2 - 6*n. Calculate h(3).
0
Let v(i) be the first derivative of i**3/3 + i**2/2 + 4*i - 16. What is v(-4)?
16
Let g(s) = -s**3 + 3. Let t = 2 + -2. Suppose t = 2*l - 0*l. Give g(l).
3
Let t(g) = -g**3 + g**2 - g + 6. Let z be t(0). Let j(v) = -3 + 3*v**2 - z*v - 2*v**2 - 2*v**2. Give j(-6).
-3
Let f(z) be the first derivative of z**2/2 - 18. Determine f(3).
3
Let l = 0 + -3. Let x(h) be the third derivative of h**4/12 + 2*h**2. Give x(l).
-6
Let d be (-2)/4*36/3. Let n(l) be the second derivative of l**5/20 + l**4/2 + 5*l**2/2 + 6*l. Calculate n(d).
5
Suppose -4*g + 8*g = -3*a + 8, 3*a + 5*g - 10 = 0. Let m(y) = -4*y**2 - y + 11. Let j(o) = 5*o**2 + o - 12. Let z(i) = 3*j(i) + 4*m(i). Calculate z(a).
8
Suppose 3*f + 2*q - 6 = 0, 0 = -4*f - 0*q + 5*q - 15. Let j(t) = 4*t + 16. Let b(v) = -v - 4. Let p(n) = -9*b(n) - 2*j(n). What is p(f)?
4
Let j(l) be the first derivative of -l**2/2 + 2*l + 14. Give j(-6).
8
Let t = 3 - 2. Let r(s) = -2*s + 4*s - 42 + 43 + 2*s. Calculate r(t).
5
Suppose 4 = i - z - 1, 5*i = 2*z + 16. Let p(b) = -b**2 + 2*b. What is p(i)?
0
Let u(k) be the first derivative of k**7/420 + k**6/360 - k**5/60 - k**4/8 - k**3 - 5. Let v(b) be the third derivative of u(b). Calculate v(-2).
-11
Let o(c) = -c**3 + 7*c**2 + 6*c + 11. Let t be o(8). Let p(v) = v**3 + 4*v**2 - 2*v. Let b(n) = -n - 1. Let i(g) = -5*b(g) - p(g). Give i(t).
-5
Let s(r) be the first derivative of 1/8*r**4 + r**2 + 1/60*r**5 + 0*r + 3 + 1/6*r**3. Let h(u) be the second derivative of s(u). What is h(-2)?
-1
Suppose -5*t + 2*t = -15. Let j be ((-1)/3)/(2/(-24)). Let m(u) = 5*u + 4*u**2 - u**3 + 0*u**3 + j + 0. Calculate m(t).
4
Let x(r) = -r**2 - 2*r. Suppose -2*w - 14 = -4*w. Let o be w/(-2) + 1/2. What is x(o)?
-3
Let x(a) = -16*a**3 + 3*a + 2*a**2 - 7*a + 5*a + 0*a**2. What is x(-1)?
17
Let n(j) = -j**2 - 2*j + 5. Let k be n(-4). Let q(y) be the second derivative of y**4/12 + 5*y**3/6 - y**2 + 15*y. Determine q(k).
-8
Let z(i) = -3*i**2 + i. Let n be 15/(-10)*(-4)/6. Give z(n).
-2
Suppose 0 = -4*x + 2 + 2. Suppose x - 4 = p, z + 5*p = -12. Let k be z*3*8/(-18). Let h(l) = -l - 4. What is h(k)?
0
Let h(b) = -5 - b**2 + 6*b - 3*b**2 + 2 + 3*b**2. Determine h(5).
2
Suppose -4 = 3*l - 16. Suppose -l*u - 5*v = 44, 8*v - 3*v + 20 = 0. Let a(p) = -p**3 - 5*p**2 + 6*p + 1. What is a(u)?
1
Let d = 22 + -16. Let n be 14/d - 6/(-9). Let l(r) = -5*r + 2 + n*r - r. Calculate l(3).
-7
Let b(l) = l - 5. Let m be b(0). Let x(h) = -h - 3. Let n(a) = a + 3. Let y(f) = -5*n(f) - 6*x(f). Give y(m).
-2
Let f(i) = i**2 + 6*i + 1. Suppose -s - 24 = 5*w + 5, 5 = -w. What is f(s)?
-7
Let s(w) = w**3 + w + 1. Suppose 2*k - k = 2. Suppose k*z + z + 3 = 0. Give s(z).
-1
Let g(c) = 28*c + 32. Let d(z) = z + 1. Let p(y) = 96*d(y) - 3*g(y). What is p(1)?
12
Let d(r) = -3*r - 3 - 2 + 0*r + 0*r. Calculate d(-4).
7
Suppose 0 = 3*p + 2*c - 13, 4*c = 5*p - 2*p - 1. Let b(h) be the first derivative of -3*h + 1/4*h**4 + 1 - h**p + 0*h**2. What is b(3)?
-3
Let n(y) be the first derivative of 1 + 7*y + 1/2*y**2. Let j(m) = -m - 3. Let z be j(0). Determine n(z).
4
Let c be 12/102 - 53/17. Let w(k) = k**2 + 2*k - 4. Calculate w(c).
-1
Let x be (-1)/((-4)/(16/(-2))). Let m(g) = 5*g + 3. Calculate m(x).
-7
Suppose 0 = 3*y - 110 + 89. Let b(i) = i**2 - 8*i - 10. What is b(y)?
-17
Suppose 6*n - 3*n - 5*z = -5, 0 = 5*n - 3*z + 3. Let d(r) = r + 9. Give d(n).
9
Let j(k) be the second derivative of -k**5/20 - k**4/3 + k**3/2 + 33*k. Give j(2).
-18
Let o be (-66)/(-15) + 12/20. Let l(p) = -4*p - 6 - o*p - 2*p + 7*p. Give l(-4).
10
Suppose 3*r - z - 31 = 0, -z - 4 = -r + 9. Suppose 3*t + r = -6. Let d(p) = -p**3 - 5*p**2. What is d(t)?
0
Let o(z) be the second derivative of -1/12*z**4 + 0 + 3/2*z**2 + 5/6*z**3 - 2*z. What is o(5)?
3
Let a(t) = -t**3 - 4*t**2 - t + 3. Let j be ((-8)/(-10))/((-10)/(-25)). Suppose j*c + 21 = 3*d, -3*c + 2*d - 7*d = -16. Give a(c).
-3
Suppose 19*g = 16*g. Let n(a) = -a**3 - a**2 + a - 16. What is n(g)?
-16
Let z be 11/(-11) + (5 - -1). Let p(b) = -b**2 + 4 - 3*b**2 + z*b**2 + b. Calculate p(0).
4
Let i = 2 + -7. Let u = -6 - -9. Let l(v) = v - 5 + 1 + u. Give l(i).
-6
Suppose 21 - 6 = 3*q. Let k(z) = -z**2 + 4 - q + 3*z**3 - z + 0*z. Suppose i - 2 = 3*i. Give k(i).
-4
Let u = -7 - -19. Let k = u + -11. Let p(l) = -3*l - 1. Determine p(k).
-4
Let g(p) = -p**2 + p. Suppose -4 - 12 = 4*z, 0 = -2*d + 2*z + 64. Let k be ((-16)/d)/((-6)/21). Give g(k).
-2
Let q be -2*(-1)/2*1. Let m(l) = -l + 11. Let f be m(8). Let s(d) = 5 - 2 - 2 - d - 2*d**2 - 3*d**f + 3*d**2. Determine s(q).
-2
Let c be 0 - -1 - (5 - 0). Let n(s) = -2*s**3 + s**2 + s + 1. Let l be n(-1). Let d(a) = -2*a**l + 4*a**3 - 5*a**3 + 2*a**3 - 2*a - 4*a**2. Calculate d(c).
8
Let h = 2 - 6. Suppose 2*m = 7*m - 5*f + 35, 3*f = 4*m + 24. Let q(y) = -y - 1. Let w(v) = -2*v - 1. Let d(p) = m*w(p) + 5*q(p). Give d(h).
-6
Let x(i) = i + 12. Let d(u) be the first derivative of -u**2/2 - 12*u - 4. Suppose 14 = -0*s - 2*s. Let z(c) = s*d(c) - 6*x(c). Calculate z(-5).
7
Let v(j) be the first derivative of 0*j**2 - 2/3*j**3 + 1/8*j**4 + 0*j - 1/40*j**5 + 1. Let w(f) be the third derivative of v(f). Give w(2).
-3
Let h(d) be the first derivative of -d**3/3 - 3*d**2 - 3. Suppose c = 3*c - 30. Suppose 6*b + c = 3*b. What is h(b)?
5
Let p(l) = -2*l - 11. Let z be p(-3). Let h(f) = -f**2 - 6*f - 3. Calculate h(z).
2
Let g(s) be the second derivative of -s**3/6 + 5*s**2/2 + 20*s. Give g(7).
-2
Suppose -2 = -n - 8. Let a(j) = -j + 5. Let c(w) = 2*w - 6. Let f(r) = n*a(r) - 5*c(r). Determine f(-1).
4
Let l(x) be the second derivative of 0 + 1/2*x**2 + 2/3*x**4 - 4*x + 0*x**3. Give l(1).
9
Let j be 2/(4/(4*-3)*1). Let i(m) = -m**2 - 8*m - 2. What is i(j)?
10
Let v(g) = 9*g + 2. Let z(p) = -p - 1. Let b(u) = -v(u) - 6*z(u). Let t be 3 + -3 + 6 + 0. Calculate b(t).
-14
Let t(g) = -g**2 - 2*g. Let i be t(-2). Let x(j) = -j**3 + 7. What is x(i)?
7
Let z(w) = 2*w - 11. Let b(u) be the second derivative of 2*u + 0 - 5/2*u**2 + 1/6*u**3. Let x(t) = -7*b(t) + 3*z(t). Calculate x(0).
2
Let a(i) be the first derivative of -1/4*i**4 - 4*i - 5/3*i**3 - 2*i**2 - 2. Let p be -7 + 0/(-2) + 3. Determine a(p).
-4
Let g(i) = i**2 - i + 2. Let h(m) = -m**3 - 2*m**2 + 9*m - 8. Let k(q) = -6*g(q) - h(q). Let j(a) = a**3 - 5*a**2 - 6*a + 5. Let l be j(6). Calculate k(l).
6
Let s(j) = j**2 - j. Let y(h) = h**2 + h. Let n be y(1). What is s(n)?
2
Let n = 16 - 8. Let m = n + -8. Let x(w) = w - 8*w + m*w. Give x(1).
-7
Let n(t) = -2*t - 10. Let u be n(-7). Let k = -1 - u. Let j(r) = 7*r + 9. Let b(q) = q + 1. Let a(l) = -6*b(l) + j(l). Calculate a(k).
-2
Let f(w) be the first derivative of -w**2/2 + 9*w + 6. Calculate f(6).
3
Let p(m) be the third derivative of -m**4/24 + 7*m**3/3 - 11*m**2. What is p(8)?
6
Suppose -5*i - 15 = 5. Let y(o) = -o - 1. Let r be y(i). Let a(x) = 3*x + 2*x + 1 - r*x - 4*x**2. Calculate a(2).
-11
Let o(m) = 3*m + 6. Let h(r) = -6*r - 11. Let s(w) = w + 2. Let t be s(-4). Let y be -6*(-1 - (t + 2)). Let z(p) = y*h(p) + 11*o(p). Determine z(2).
-6
Let q(b) = -5*b - 2 - 2 - 3*b**2 + 2*b**2. Let h(u) = -u**2 - 2*u - 3. Let f be h(-2). Let w be q(f). Let m(k) = -k**3 + 2*k**2 + k - 1. What is m(w)?
1
Let g(n) = 1. Let b(p) = p + 3. Let y(t) = b(t) - 